k). Suppose -1 + n = -3*b, -4*s + 2*b = -46. What are the prime factors of s?
11
Suppose -o + 6*o + 4*t - 12 = 0, -5*o = -t + 3. Let a be (0 - -3 - 0) + o. List the prime factors of 6*(-3)/(a*-2).
3
List the prime factors of (77 - -1) + (-64)/16.
2, 37
Let p = -5 + 2. Let y = p - -6. Let f = 11 - y. List the prime factors of f.
2
Let z(w) = 2*w**2 + w + 57. List the prime factors of z(0).
3, 19
Let n = 14 + -8. Suppose -5*r = -2*r - n. What are the prime factors of 0/r + 2 + 19?
3, 7
Suppose 3*o + 4*v - 7 = -0*v, -5*o + 29 = -2*v. Suppose -5*m - o*w + 100 = 0, 7*m - 4*w - 32 = 4*m. List the prime factors of m.
2
Suppose -11 = -4*z + 9. Suppose -h + r = 18, 0*h - 4*r = z*h + 117. What are the prime factors of (-7)/(h/6) - -10?
2, 3
Suppose 0 = -3*q - q + 8. Let x(f) = f**3 - f**2 + f + 2. Let u be x(q). List the prime factors of 2 + -2 + 2 + u.
2, 5
List the prime factors of (6 - 6) + 19 + -2.
17
Suppose -2*n + 71 = 4*b - 133, b = 2*n + 51. What are the prime factors of b?
3, 17
Let t(n) = n**2 - 3*n + 2. Let j be t(4). Let a(o) = 3*o - 9. Let l be a(j). Suppose 4*i = -4*u + 12, 0*u = 5*i - u - l. What are the prime factors of i?
2
Suppose 5*b = -5*a + 10, 7*b = -3*a + 2*b + 4. Let x be 0*1/a + 1. List the prime factors of -1*(-1)/x - -2.
3
Let o(z) = -z**3 + 5*z**2 + 3*z + 7. List the prime factors of o(5).
2, 11
Let g(o) = -16*o + 2. List the prime factors of g(-19).
2, 3, 17
Let i be 2/4 - 25/(-10). Let v(k) be the third derivative of k**4/12 - k**3/6 + 2*k**2. What are the prime factors of v(i)?
5
Let c be ((-2)/5)/((-1)/(-20)). Let w = 13 - c. Let a = w + -8. List the prime factors of a.
13
Suppose -8 = -5*s + 7*s. What are the prime factors of (s/(-5))/((-7)/(-175))?
2, 5
Let y be (-1)/(-4) + (-3)/12. Suppose y = -3*g + 5*g - 6. What are the prime factors of g?
3
What are the prime factors of (4/2 - 5)/((-57)/722)?
2, 19
What are the prime factors of 1/(3/9*1)?
3
Suppose 2*q + 3*t = -0*t + 1, 3*t + 11 = -5*q. Let w = q + 9. Suppose 0 = -2*u + w*b + 26, 3*u + 4*b + b = 39. What are the prime factors of u?
13
Let w(v) = -50*v**3 - v**2 + 1. Let t be w(-1). What are the prime factors of 1*-3*t/(-30)?
5
Suppose 0 = 98*q - 96*q - 190. What are the prime factors of q?
5, 19
Suppose 3*z - 157 = -52. List the prime factors of z.
5, 7
Suppose -40 - 4 = 2*s. Let k = 37 + s. What are the prime factors of k?
3, 5
Let g(w) be the first derivative of -w**4/4 + w**3/3 + w**2/2 + 5*w + 11. Let m = -2 - -2. What are the prime factors of g(m)?
5
List the prime factors of ((-7)/(70/(-4)))/(5/650).
2, 13
Suppose 11 = i + 1. Suppose 0*j - i = -2*j. Suppose 0*v + 2*v - 4*z - 40 = 0, 0 = -j*v - 5*z + 55. List the prime factors of v.
2, 7
Suppose 3*n - 51 = 3*p, 7*n = 2*n + 3*p + 75. What are the prime factors of n?
2, 3
Let k(n) be the first derivative of 4*n**2 - 6*n - 4. List the prime factors of k(3).
2, 3
Let v be -4*(26/8 + 0). Let r = -7 - v. List the prime factors of 297/22*4/r.
3
What are the prime factors of (-84)/(-7)*20/6?
2, 5
Let v(n) = -6*n + 2. Let m(q) = 1. Let p(b) = 3*m(b) - v(b). Let j be p(2). Let c = 19 - j. List the prime factors of c.
2, 3
Suppose 0 = -4*w - 20, 4*l = 2*w + 329 + 29. Suppose -93 = -5*m + 3*u, -2*m - 3*u + l = 3*m. Let y = m + -11. List the prime factors of y.
7
Suppose -13 = -2*g + 3. Let a(b) = b**2 - 5*b - 6. What are the prime factors of a(g)?
2, 3
Suppose 2*a - m - 5 = 0, 0*a + 5*a - 2*m - 14 = 0. Suppose a*i - 119 - 1 = 4*p, 0 = -5*p + 20. What are the prime factors of i?
2, 17
Suppose 5 = -0*c + c. Suppose -53 = -4*z + c*b, 2*z + 5*b + 60 = 7*z. List the prime factors of z.
7
Let j = -2 - -1. Suppose -1 - 5 = -l. What are the prime factors of (-12)/(j*9/l)?
2
Let h(o) be the first derivative of -5*o**2/2 - o - 5. What are the prime factors of h(-4)?
19
Suppose -5*m - 2*r + 0*r = -260, -175 = -4*m + 5*r. What are the prime factors of m?
2, 5
Let k(v) = v**2 + 5*v - 2. What are the prime factors of k(-9)?
2, 17
Suppose -4*w = 5*n - 67, -2*n = 2*w - 4 - 22. Suppose 0 = -5*y + 60 + n. What are the prime factors of y?
3, 5
Let s(n) = n - 7. Suppose -14 - 31 = -5*b. What are the prime factors of s(b)?
2
Let h = 11 + -20. What are the prime factors of (6/h)/(10/(-165))?
11
Suppose 0 = -2*s - 4, s = -2*c + 24. Let v = -7 + c. List the prime factors of (v/4)/(4/8).
3
Suppose 0 = -0*q - q + 52. Suppose 32 = 4*d - q. Suppose -a + 3*a = -3*w + 20, 3*w + 3*a = d. What are the prime factors of w?
2, 3
Let w(m) = -m**3 - 3*m**2 - 2*m. Let f be w(-2). Suppose -3*j + 6 = -f. Suppose 2*l + 8 = 3*a - 5, -2*a - j*l = -12. List the prime factors of a.
5
Let u = 252 + -106. What are the prime factors of u?
2, 73
Suppose 12 + 160 = 4*i. Suppose -q + 0*q + i = 0. What are the prime factors of q?
43
Suppose 18*f - 23*f = -960. What are the prime factors of f?
2, 3
Let p = 232 - 131. What are the prime factors of p?
101
Suppose 105 = 5*j - 2*j. What are the prime factors of j?
5, 7
Let v = 45 - 5. Suppose -3*n = 2*n - v. What are the prime factors of n?
2
Let k = -17 - -20. Suppose 25 + 5 = k*o. What are the prime factors of o?
2, 5
Suppose 0*m - 27 = m + 5*z, 5*m + 2*z = -20. Let v = 0 - m. Let o = 11 - v. What are the prime factors of o?
3
Suppose -48 = 6*i - 8*i. What are the prime factors of i?
2, 3
Let w be -3 - 4/(8/(-6)). Suppose w = 4*l - 44 - 60. What are the prime factors of l?
2, 13
Suppose -7 = -5*o + 8. Suppose o*s + 6 = 21. List the prime factors of s.
5
Let l(v) = 2*v**3 - 6*v**2 + 3*v + 1. List the prime factors of l(4).
3, 5
Let t be 0 + -13 + (-3)/(-3). Let v be (-5 - -1)*(-9)/t. What are the prime factors of 4 - (-1 + -5)/v?
2
Let w(q) = q**2 + 5*q + 6. Let r be w(-5). Let f be (-5)/(5/r) - 2. What are the prime factors of (-78)/f + 4/16?
2, 5
Suppose 0 = -0*i + 4*i - 2*m - 18, -5*m - 13 = -2*i. Suppose 5*s = -p + 44, -3*s - i - 38 = -3*p. List the prime factors of p.
19
Let q = -5 - -5. Let i = 20 + q. List the prime factors of i.
2, 5
Let b = 0 - 2. Let n be (b - 0 - -4)/1. Suppose v - 11 = -p, -p - 4 = n*v - 4*v. List the prime factors of p.
2, 3
Suppose h + 20 = 5*h. Let c = h - -14. List the prime factors of c.
19
Suppose 4*c - 3 + 9 = -3*q, 0 = 4*q + 5*c + 7. What are the prime factors of (-274)/(-18) + q/(-9)?
3, 5
Let i be 3 + -2 - 1 - -2. Suppose -i*s = -4*n + 2*s + 40, 0 = -s. What are the prime factors of n?
2, 5
Let c(y) = -y + 2. Let f be c(7). Let x = f + 14. Suppose -17 = -2*v + x. List the prime factors of v.
13
Let i be -1*1*(-6)/2. Let l be (-1)/i + 2/6. Suppose -m + 2*w + 6 = 2, l = 3*m - 4*w - 10. What are the prime factors of m?
2
Let d = 4 + -1. What are the prime factors of d?
3
Suppose 0*a - 44 = -4*a. Let r = 28 - a. What are the prime factors of r?
17
Let s(w) = -w - 5. Let o be s(4). Let l = -5 - o. List the prime factors of l.
2
List the prime factors of -2*(-2)/4*53.
53
Suppose 3*b + 0*b - 6 = 0. Suppose -b*q - 4*w - 14 = 0, -1 = -q - w - 3. Suppose -5 = -q*o + 1. List the prime factors of o.
2
Let m = -11 - -16. Let q = m - -5. List the prime factors of q.
2, 5
Let r(b) = 114*b**3 - b. What are the prime factors of r(1)?
113
Let o(j) = j**3 - j**2 - 12*j - 6. List the prime factors of o(6).
2, 3, 17
Let t(p) = -3*p + 2. Let h be (-3)/(-2) - (-1)/(-2). Let w(g) = -3*g**2 + g. Let k be w(h). List the prime factors of t(k).
2
What are the prime factors of 0 + 20/(0 - -4)?
5
Suppose 2*x = p - 5, -p = -3*x - 5 - 1. Suppose p*v + v = 40. List the prime factors of v.
2, 5
Suppose n - 40 = -2*y - n, 0 = 3*y + n - 62. Suppose u = 4*u - y. What are the prime factors of u?
7
List the prime factors of (-244)/(-3) + (95/(-15) - -6).
3
Let n be 4*(3/(-4) + 1). Let h(f) = 29*f - 1. List the prime factors of h(n).
2, 7
Let w be (-1)/1 - (0 - -2). Let h(j) = 2*j**3 - 2*j. Let n be h(2). Let i = n - w. List the prime factors of i.
3, 5
Let g(c) = -4*c - 3 + 2 - c**3 + 6 + 6*c**2 - 3. What are the prime factors of g(2)?
2, 5
Let j be -1 - (-20)/4*1. Suppose i - j*i = -6. List the prime factors of i.
2
Suppose 4*t + 2*g = -0*t - 26, -5*g = -4*t - 5. Let c = 9 + t. List the prime factors of c.
2
Let j = 7 + -1. What are the prime factors of (j/(-21))/((-2)/14)?
2
Let a = 15 - 12. What are the prime factors of 294/8 - a/(-12)?
37
Let c = 68 - 22. Suppose p + 5*r + 12 = c, 5*r = 5*p - 20. List the prime factors